{"id":1065,"date":"2025-03-14T11:13:58","date_gmt":"2025-03-14T11:13:58","guid":{"rendered":"https:\/\/gopsrogozno.pl\/?page_id=1065"},"modified":"2025-03-14T11:17:35","modified_gmt":"2025-03-14T11:17:35","slug":"program-500","status":"publish","type":"page","link":"https:\/\/gopsrogozno.pl\/index.php\/program-500\/","title":{"rendered":"Program Rodzina 800 plus"},"content":{"rendered":"\t\t<div data-elementor-type=\"wp-page\" data-elementor-id=\"1065\" class=\"elementor elementor-1065\" data-elementor-post-type=\"page\">\n\t\t\t\t<div data-particle_enable=\"false\" data-particle-mobile-disabled=\"false\" class=\"elementor-element elementor-element-0c66cc9 e-flex e-con-boxed e-con e-parent\" data-id=\"0c66cc9\" data-element_type=\"container\">\n\t\t\t\t\t<div class=\"e-con-inner\">\n\t\t\t\t<div class=\"elementor-element elementor-element-62f3eae elementor-widget elementor-widget-text-editor\" data-id=\"62f3eae\" data-element_type=\"widget\" data-widget_type=\"text-editor.default\">\n\t\t\t\t<div class=\"elementor-widget-container\">\n\t\t\t\t\t\t\t\t\t<p><strong>Od 1 lutego 2025 r. ruszy\u0142 kolejny nab\u00f3r wniosk\u00f3w o ustalenie prawa do \u015bwiadczenia wychowawczego\u00a0 na nowy okres \u015bwiadczeniowy, trwaj\u0105cy od 1 czerwca 2025 r. do 31 maja 2026 r.<\/strong><\/p><p>Wnioski o \u015bwiadczenie wychowawcze na nowy okres przyjmuje i rozpatruje\u00a0<strong>Zak\u0142ad Ubezpiecze\u0144 Spo\u0142ecznych.<\/strong><\/p><p><strong>Wa\u017cne !<\/strong><\/p><p>Aby uzyska\u0107 prawo do \u015bwiadczenia wychowawczego na nowy okres rozpoczynaj\u0105cy si\u0119 1 czerwca 2025 r., wnioski mo\u017cna sk\u0142ada\u0107 do\u00a0<strong>ZUS\u00a0\u00a0ju\u017c<\/strong>\u00a0<strong>od 1 lutego 2025 r. &#8211;\u00a0wy\u0142\u0105cznie przez Internet\u00a0<\/strong>za po\u015brednictwem nastepuj\u0105cych kana\u0142\u00f3w wnioskowania:<\/p><ul><li>portalu PUE\/eZUS lub aplikacji mobilnej mZUS<\/li><li>portalu Ministerstwa Rodziny, Pracy i Polityki Spo\u0142ecznej\u00a0\u00a0<a href=\"https:\/\/empatia.mpips.gov.pl\/\"><em>Emp@tia<\/em><\/a><\/li><li>bankowo\u015bci elektronicznej<\/li><\/ul><p>Je\u015bli osoba z\u0142o\u017cy wniosek o \u015bwiadczenie wychowawcze na nowy okres w terminie do\u00a0<strong>30 kwietnia 2025 r.<\/strong>, ustalenie prawa do \u015bwiadczenia wychowawczego oraz wyp\u0142ata przyznanego \u015bwiadczenia za miesi\u0105c czerwiec nast\u0105pi najp\u00f3\u017aniej do\u00a0<strong>30 czerwca 2025 r.<\/strong>\u00a0W przypadku wniosk\u00f3w z\u0142o\u017conych\u00a0<strong>w kolejnych miesi\u0105cach<\/strong>, ustalenie prawa oraz wyp\u0142ata przyznanego \u015bwiadczenia nast\u0105pi w maksymalnym\u00a0 terminie do\u00a0<strong>3 miesi\u0119cy<\/strong>.<\/p><p><strong>Tak przedstawiaj\u0105 si\u0119 poszczeg\u00f3lne, terminy sk\u0142adania i rozpatrywania wniosk\u00f3w na okres 2025\/2026 oraz wyp\u0142at \u015bwiadczenia wychowawczego w zale\u017cno\u015bci od miesi\u0105ca z\u0142o\u017cenia wniosku:<\/strong><\/p><p>Je\u015bli osoba z\u0142o\u017cy prawid\u0142owo wype\u0142niony wniosek z wymaganymi dokumentami na nowy\u00a0okres \u015bwiadczeniowy trwaj\u0105cy od 1 czerwca 2025 r. do 31 maja 2026 r. w terminie :<\/p><ul><li>od 1 lutego do 30 kwietnia 2025\u00a0r. \u2013 ZUS rozpatrzy wniosek i wyp\u0142aci \u015bwiadczenie w terminie do 30 czerwca 2025\u00a0r.,<\/li><li>od 1 do 31 maja 2025\u00a0r. \u2013 ZUS rozpatrzy wniosek i wyp\u0142aci \u015bwiadczenie z wyr\u00f3wnaniem za czerwiec &#8211; w terminie do 31 lipca 2025\u00a0r.,<\/li><li>od 1 do 30 czerwca 2025\u00a0r. &#8211;\u00a0 ZUS rozpatrzy wniosek i wyp\u0142aci \u015bwiadczenie z wyr\u00f3wnaniem za czerwiec &#8211; w terminie do 31 sierpnia 2025\u00a0r.,<\/li><li>od 1 do 31 lipca 2025\u00a0r. \u2013 ZUS rozpatrzy wniosek i wyp\u0142aci \u015bwiadczenie z wyr\u00f3wnaniem jedynie od lipca &#8211; w terminie do 30 wrze\u015bnia 2025\u00a0r.,<\/li><li>od 1 do 31 sierpnia 2025\u00a0r. \u2013 ZUS rozpatrzy wniosek i wyp\u0142aci \u015bwiadczenie, z wyr\u00f3wnaniem jedynie od sierpnia &#8211; w terminie do 31 pa\u017adziernika 2025\u00a0r.<\/li><\/ul><p><strong>Wa\u017cne!<\/strong><\/p><ul><li><strong>Aby zachowa\u0107 ci\u0105g\u0142o\u015b\u0107 wyp\u0142aty \u015bwiadczenia wychowawczego i otrzyma\u0107 \u015bwiadczenie w miesi\u0105cu czerwcu 2025\u00a0r. wniosek nale\u017cy z\u0142o\u017cy\u0107 w terminie do 30 kwietnia 2025\u00a0r.<\/strong><\/li><li><strong>Z\u0142o\u017cenie wniosku do ko\u0144ca czerwca 2025\u00a0r. b\u0119dzie gwarantowa\u0142o, \u017ce \u015bwiadczenie wychowawcze zostanie wyp\u0142acone z wyr\u00f3wnaniem od 1 czerwca 2025\u00a0r.<\/strong><\/li><li><strong>Natomiast, je\u015bli osoba ubiegaj\u0105ca si\u0119 o \u015bwiadczenie z\u0142o\u017cy wniosek na nowy okres po 30 czerwca 2025\u00a0r. \u015bwiadczenie wychowawcze b\u0119dzie przys\u0142ugiwa\u0142o od miesi\u0105ca z\u0142o\u017cenia wniosku.<\/strong><\/li><\/ul><p>Powy\u017csze terminy rozpatrywania wniosk\u00f3w i wyp\u0142aty \u015bwiadczenia wychowawczego s\u0105 terminami maksymalnymi. ZUS uwzgl\u0119dniaj\u0105c liczb\u0119 wniosk\u00f3w oraz mo\u017cliwo\u015bci organizacyjne mo\u017ce rozpatrywa\u0107 wnioski i wyp\u0142aca\u0107 \u015bwiadczenia w terminach kr\u00f3tszych ni\u017c we wskazanych wy\u017cej maksymalnych terminach ustawowych.<\/p><p>Post\u0119powanie w\u00a0sprawie ustalenia prawa do \u015bwiadczenia wychowawczego prowadzone jest przez ZUS w\u00a0formie elektronicznej.\u00a0Wszystkie informacje na\u00a0temat wniosku i\u00a0jego obs\u0142ugi rodzic znajdzie na\u00a0PUE\/eZUS.<\/p><p>Przyznanie przez ZUS \u015bwiadczenia wychowawczego \u2013 tak jak dotychczas &#8211; nie b\u0119dzie wymaga\u0142o wydania decyzji administracyjnej. Je\u015bli \u015bwiadczenie wychowawcze zostanie przyznane, to rodzic otrzyma informacj\u0119 o\u00a0przyznaniu \u015bwiadczenia, kt\u00f3ra b\u0119dzie znajdowa\u0107 si\u0119 w\u00a0skrzynce odbiorczej na\u00a0profilu na\u00a0PUE\/eZUS \u2013 tak\u017ce w\u00a0sytuacji, gdy wniosek zosta\u0142 z\u0142o\u017cony przez bankowo\u015b\u0107 elektroniczn\u0105 lub portal Emp@tia.<\/p><p><strong>Uwaga:<\/strong> W przypadku dzieci urodzonych do dnia 31 maja 2025 r., rodzice powinni pami\u0119ta\u0107 aby z\u0142o\u017cy\u0107 dwa wnioski o \u015bwiadczenie wychowawcze &#8211; zar\u00f3wno na okres \u015bwiadczeniowy 2024\/2025 , kt\u00f3ry zako\u0144czy si\u0119 31 maja 2025 r. oraz na kolejny nowy okres 2025\/2026, kt\u00f3ry rozpocznie si\u0119 1 czerwca 2025 r<\/p>\t\t\t\t\t\t\t\t<\/div>\n\t\t\t\t<\/div>\n\t\t\t\t<div class=\"elementor-element elementor-element-c299bd2 elementor-widget elementor-widget-text-editor\" data-id=\"c299bd2\" data-element_type=\"widget\" data-widget_type=\"text-editor.default\">\n\t\t\t\t<div class=\"elementor-widget-container\">\n\t\t\t\t\t\t\t\t\t<p>\u0179r\u00f3d\u0142o: <a href=\"https:\/\/www.gov.pl\/web\/rodzina\/nowe-zasady-skladania-wnioskow-o-swiadczenie-wychowawcze-na-okres-swiadczeniowy-20222023\">Zasady sk\u0142adania wniosk\u00f3w o \u015bwiadczenie wychowawcze na nowy okres \u015bwiadczeniowy 2025\/2026 &#8211; Ministerstwo Rodziny, Pracy i Polityki Spo\u0142ecznej &#8211; Portal Gov.pl<\/a><\/p>\t\t\t\t\t\t\t\t<\/div>\n\t\t\t\t<\/div>\n\t\t\t\t\t<\/div>\n\t\t\t\t<\/div>\n\t\t\t\t<\/div>\n\t\t","protected":false},"excerpt":{"rendered":"<p>Od 1 lutego 2025 r. ruszy\u0142 kolejny nab\u00f3r wniosk\u00f3w o ustalenie prawa do \u015bwiadczenia wychowawczego\u00a0 na nowy okres \u015bwiadczeniowy, trwaj\u0105cy od 1 czerwca 2025 r. do 31 maja 2026 r. Wnioski o \u015bwiadczenie wychowawcze na nowy okres przyjmuje i rozpatruje\u00a0Zak\u0142ad Ubezpiecze\u0144 Spo\u0142ecznych. Wa\u017cne ! Aby uzyska\u0107 prawo do \u015bwiadczenia wychowawczego na nowy okres rozpoczynaj\u0105cy si\u0119 1 czerwca 2025 r., wnioski mo\u017cna sk\u0142ada\u0107 do\u00a0ZUS\u00a0\u00a0ju\u017c\u00a0od 1 lutego 2025 r. &#8211;\u00a0wy\u0142\u0105cznie przez Internet\u00a0za po\u015brednictwem nastepuj\u0105cych kana\u0142\u00f3w wnioskowania: portalu PUE\/eZUS lub aplikacji mobilnej mZUS portalu Ministerstwa Rodziny, Pracy i Polityki Spo\u0142ecznej\u00a0\u00a0Emp@tia bankowo\u015bci elektronicznej Je\u015bli osoba z\u0142o\u017cy wniosek o \u015bwiadczenie wychowawcze na nowy okres w terminie do\u00a030 kwietnia 2025 r., ustalenie prawa do \u015bwiadczenia wychowawczego oraz wyp\u0142ata przyznanego \u015bwiadczenia za miesi\u0105c czerwiec nast\u0105pi najp\u00f3\u017aniej do\u00a030 czerwca 2025 r.\u00a0W przypadku wniosk\u00f3w z\u0142o\u017conych\u00a0w kolejnych miesi\u0105cach, ustalenie prawa oraz wyp\u0142ata przyznanego \u015bwiadczenia nast\u0105pi w maksymalnym\u00a0 terminie do\u00a03 miesi\u0119cy. Tak przedstawiaj\u0105 si\u0119 poszczeg\u00f3lne, terminy sk\u0142adania i rozpatrywania wniosk\u00f3w na okres 2025\/2026 oraz wyp\u0142at \u015bwiadczenia wychowawczego w zale\u017cno\u015bci od miesi\u0105ca z\u0142o\u017cenia wniosku: Je\u015bli osoba z\u0142o\u017cy prawid\u0142owo wype\u0142niony wniosek z wymaganymi dokumentami na nowy\u00a0okres \u015bwiadczeniowy trwaj\u0105cy od 1 czerwca 2025 r. do 31 maja 2026 r. w terminie : od 1 lutego do 30 kwietnia 2025\u00a0r. \u2013 ZUS rozpatrzy wniosek i wyp\u0142aci \u015bwiadczenie w terminie do 30 czerwca 2025\u00a0r., od 1 do 31 maja 2025\u00a0r. \u2013 ZUS rozpatrzy wniosek i wyp\u0142aci \u015bwiadczenie z wyr\u00f3wnaniem za czerwiec &#8211; w terminie do 31 lipca 2025\u00a0r., od 1 do 30 czerwca 2025\u00a0r. &#8211;\u00a0 ZUS rozpatrzy wniosek i wyp\u0142aci \u015bwiadczenie z wyr\u00f3wnaniem za czerwiec &#8211; w terminie do 31 sierpnia 2025\u00a0r., od 1 do 31 lipca 2025\u00a0r. \u2013 ZUS rozpatrzy wniosek i wyp\u0142aci \u015bwiadczenie z wyr\u00f3wnaniem jedynie od lipca &#8211; w terminie do 30 wrze\u015bnia 2025\u00a0r., od 1 do 31 sierpnia 2025\u00a0r. \u2013 ZUS rozpatrzy wniosek i wyp\u0142aci \u015bwiadczenie, z wyr\u00f3wnaniem jedynie od sierpnia &#8211; w terminie do 31 pa\u017adziernika 2025\u00a0r. Wa\u017cne! Aby zachowa\u0107 ci\u0105g\u0142o\u015b\u0107 wyp\u0142aty \u015bwiadczenia wychowawczego i otrzyma\u0107 \u015bwiadczenie w miesi\u0105cu czerwcu 2025\u00a0r. wniosek nale\u017cy z\u0142o\u017cy\u0107 w terminie do 30 kwietnia 2025\u00a0r. Z\u0142o\u017cenie wniosku do ko\u0144ca czerwca 2025\u00a0r. b\u0119dzie gwarantowa\u0142o, \u017ce \u015bwiadczenie wychowawcze zostanie wyp\u0142acone z wyr\u00f3wnaniem od 1 czerwca 2025\u00a0r. Natomiast, je\u015bli osoba ubiegaj\u0105ca si\u0119 o \u015bwiadczenie z\u0142o\u017cy wniosek na nowy okres po 30 czerwca 2025\u00a0r. \u015bwiadczenie wychowawcze b\u0119dzie przys\u0142ugiwa\u0142o od miesi\u0105ca z\u0142o\u017cenia wniosku. Powy\u017csze terminy rozpatrywania wniosk\u00f3w i wyp\u0142aty \u015bwiadczenia wychowawczego s\u0105 terminami maksymalnymi. ZUS uwzgl\u0119dniaj\u0105c liczb\u0119 wniosk\u00f3w oraz mo\u017cliwo\u015bci organizacyjne mo\u017ce rozpatrywa\u0107 wnioski i wyp\u0142aca\u0107 \u015bwiadczenia w terminach kr\u00f3tszych ni\u017c we wskazanych wy\u017cej maksymalnych terminach ustawowych. Post\u0119powanie w\u00a0sprawie ustalenia prawa do \u015bwiadczenia wychowawczego prowadzone jest przez ZUS w\u00a0formie elektronicznej.\u00a0Wszystkie informacje na\u00a0temat wniosku i\u00a0jego obs\u0142ugi rodzic znajdzie na\u00a0PUE\/eZUS. Przyznanie przez ZUS \u015bwiadczenia wychowawczego \u2013 tak jak dotychczas &#8211; nie b\u0119dzie wymaga\u0142o wydania decyzji administracyjnej. Je\u015bli \u015bwiadczenie wychowawcze zostanie przyznane, to rodzic otrzyma informacj\u0119 o\u00a0przyznaniu \u015bwiadczenia, kt\u00f3ra b\u0119dzie znajdowa\u0107 si\u0119 w\u00a0skrzynce odbiorczej na\u00a0profilu na\u00a0PUE\/eZUS \u2013 tak\u017ce w\u00a0sytuacji, gdy wniosek zosta\u0142 z\u0142o\u017cony przez bankowo\u015b\u0107 elektroniczn\u0105 lub portal Emp@tia. Uwaga: W przypadku dzieci urodzonych do dnia 31 maja 2025 r., rodzice powinni pami\u0119ta\u0107 aby z\u0142o\u017cy\u0107 dwa wnioski o \u015bwiadczenie wychowawcze &#8211; zar\u00f3wno na okres \u015bwiadczeniowy 2024\/2025 , kt\u00f3ry zako\u0144czy si\u0119 31 maja 2025 r. oraz na kolejny nowy okres 2025\/2026, kt\u00f3ry rozpocznie si\u0119 1 czerwca 2025 r \u0179r\u00f3d\u0142o: Zasady sk\u0142adania wniosk\u00f3w o \u015bwiadczenie wychowawcze na nowy okres \u015bwiadczeniowy 2025\/2026 &#8211; Ministerstwo Rodziny, Pracy i Polityki Spo\u0142ecznej &#8211; Portal Gov.pl<\/p>\n","protected":false},"author":1,"featured_media":0,"parent":0,"menu_order":0,"comment_status":"closed","ping_status":"closed","template":"","meta":{"footnotes":""},"class_list":["post-1065","page","type-page","status-publish","hentry"],"_links":{"self":[{"href":"https:\/\/gopsrogozno.pl\/index.php\/wp-json\/wp\/v2\/pages\/1065","targetHints":{"allow":["GET"]}}],"collection":[{"href":"https:\/\/gopsrogozno.pl\/index.php\/wp-json\/wp\/v2\/pages"}],"about":[{"href":"https:\/\/gopsrogozno.pl\/index.php\/wp-json\/wp\/v2\/types\/page"}],"author":[{"embeddable":true,"href":"https:\/\/gopsrogozno.pl\/index.php\/wp-json\/wp\/v2\/users\/1"}],"replies":[{"embeddable":true,"href":"https:\/\/gopsrogozno.pl\/index.php\/wp-json\/wp\/v2\/comments?post=1065"}],"version-history":[{"count":5,"href":"https:\/\/gopsrogozno.pl\/index.php\/wp-json\/wp\/v2\/pages\/1065\/revisions"}],"predecessor-version":[{"id":1070,"href":"https:\/\/gopsrogozno.pl\/index.php\/wp-json\/wp\/v2\/pages\/1065\/revisions\/1070"}],"wp:attachment":[{"href":"https:\/\/gopsrogozno.pl\/index.php\/wp-json\/wp\/v2\/media?parent=1065"}],"curies":[{"name":"wp","href":"https:\/\/api.w.org\/{rel}","templated":true}]}}