{"id":1638,"date":"2025-04-07T09:54:38","date_gmt":"2025-04-07T09:54:38","guid":{"rendered":"https:\/\/gopsrogozno.pl\/?page_id=1638"},"modified":"2025-04-07T09:55:51","modified_gmt":"2025-04-07T09:55:51","slug":"taksowka-dla-seniora","status":"publish","type":"page","link":"https:\/\/gopsrogozno.pl\/index.php\/taksowka-dla-seniora\/","title":{"rendered":"Taks\u00f3wka dla seniora"},"content":{"rendered":"\t\t<div data-elementor-type=\"wp-page\" data-elementor-id=\"1638\" class=\"elementor elementor-1638\" data-elementor-post-type=\"page\">\n\t\t\t\t<div data-particle_enable=\"false\" data-particle-mobile-disabled=\"false\" class=\"elementor-element elementor-element-41f6543 e-flex e-con-boxed e-con e-parent\" data-id=\"41f6543\" data-element_type=\"container\">\n\t\t\t\t\t<div class=\"e-con-inner\">\n\t\t\t\t<div class=\"elementor-element elementor-element-b810dfa elementor-widget elementor-widget-image\" data-id=\"b810dfa\" data-element_type=\"widget\" data-widget_type=\"image.default\">\n\t\t\t\t<div class=\"elementor-widget-container\">\n\t\t\t\t\t\t\t\t\t\t\t\t\t\t\t<img fetchpriority=\"high\" decoding=\"async\" width=\"960\" height=\"540\" src=\"https:\/\/gopsrogozno.pl\/wp-content\/uploads\/2025\/04\/taxiSenior-1024x576.png\" class=\"attachment-large size-large wp-image-1640\" alt=\"\" srcset=\"https:\/\/gopsrogozno.pl\/wp-content\/uploads\/2025\/04\/taxiSenior-1024x576.png 1024w, https:\/\/gopsrogozno.pl\/wp-content\/uploads\/2025\/04\/taxiSenior-300x169.png 300w, https:\/\/gopsrogozno.pl\/wp-content\/uploads\/2025\/04\/taxiSenior-768x432.png 768w, https:\/\/gopsrogozno.pl\/wp-content\/uploads\/2025\/04\/taxiSenior-1536x864.png 1536w, https:\/\/gopsrogozno.pl\/wp-content\/uploads\/2025\/04\/taxiSenior-1140x641.png 1140w, https:\/\/gopsrogozno.pl\/wp-content\/uploads\/2025\/04\/taxiSenior.png 1920w\" sizes=\"(max-width: 960px) 100vw, 960px\" \/>\t\t\t\t\t\t\t\t\t\t\t\t\t\t\t<\/div>\n\t\t\t\t<\/div>\n\t\t\t\t<div class=\"elementor-element elementor-element-ed2585f elementor-widget elementor-widget-text-editor\" data-id=\"ed2585f\" data-element_type=\"widget\" data-widget_type=\"text-editor.default\">\n\t\t\t\t<div class=\"elementor-widget-container\">\n\t\t\t\t\t\t\t\t\t<p>Gmina Rogo\u017ano zaprasza osoby powy\u017cej 60. roku \u017cycia do skorzystania z bezp\u0142atnej us\u0142ugi transportu na terenie Gminy Rogo\u017ano.<br \/>\u201eTaks\u00f3wka Seniora\u201d umo\u017cliwia przejazd m.in. do plac\u00f3wek medycznych, urz\u0119d\u00f3w, aptek, bank\u00f3w, sklep\u00f3w czy na wydarzenia integracyjne, kulturalne itp. Us\u0142uga dost\u0119pna jest od poniedzia\u0142ku do soboty, w godzinach od 8:00 do 18:00.<br \/><br \/>Ka\u017cdy uprawniony mieszkaniec mo\u017ce skorzysta\u0107 z us\u0142ugi maksymalnie 6 razy w ci\u0105gu jednego roku (\u0142\u0105cznie 9 razy w trakcie realizacji projektu tj.30.0 6.2026 r.). Przejazdy nale\u017cy zg\u0142asza\u0107 z minimum trzydniowym wyprzedzeniem, dzwoni\u0105c pod numer: 509 790 210.<br \/><br \/>Wykonawc\u0105 us\u0142ugi jest firma Przew\u00f3z Os\u00f3b Micha\u0142 Baczy\u0144ski.<br \/>Wszelkie warunki, ograniczenia i procedury zwi\u0105zane z realizacj\u0105 us\u0142ugi zosta\u0142y szczeg\u00f3\u0142owo opisane w regulaminie, z kt\u00f3rym nale\u017cy zapozna\u0107 si\u0119 przed zg\u0142oszeniem.<br \/><br \/><\/p>\t\t\t\t\t\t\t\t<\/div>\n\t\t\t\t<\/div>\n\t\t\t\t<div class=\"elementor-element elementor-element-6b5bcd2 elementor-widget elementor-widget-text-editor\" data-id=\"6b5bcd2\" data-element_type=\"widget\" data-widget_type=\"text-editor.default\">\n\t\t\t\t<div class=\"elementor-widget-container\">\n\t\t\t\t\t\t\t\t\t<p>Link do regulamin\u00f3w:<br \/><a href=\"https:\/\/drive.google.com\/drive\/folders\/1p4Dix6H6p53YVvscUCJX-TE2H4CaF-np?usp=sharing\">https:\/\/drive.google.com\/drive\/folders\/1p4Dix6H6p53YVvscUCJX-TE2H4CaF-np?usp=sharing<\/a><\/p>\t\t\t\t\t\t\t\t<\/div>\n\t\t\t\t<\/div>\n\t\t\t\t\t<\/div>\n\t\t\t\t<\/div>\n\t\t\t\t<\/div>\n\t\t","protected":false},"excerpt":{"rendered":"<p>Gmina Rogo\u017ano zaprasza osoby powy\u017cej 60. roku \u017cycia do skorzystania z bezp\u0142atnej us\u0142ugi transportu na terenie Gminy Rogo\u017ano.\u201eTaks\u00f3wka Seniora\u201d umo\u017cliwia przejazd m.in. do plac\u00f3wek medycznych, urz\u0119d\u00f3w, aptek, bank\u00f3w, sklep\u00f3w czy na wydarzenia integracyjne, kulturalne itp. Us\u0142uga dost\u0119pna jest od poniedzia\u0142ku do soboty, w godzinach od 8:00 do 18:00. Ka\u017cdy uprawniony mieszkaniec mo\u017ce skorzysta\u0107 z us\u0142ugi maksymalnie 6 razy w ci\u0105gu jednego roku (\u0142\u0105cznie 9 razy w trakcie realizacji projektu tj.30.0 6.2026 r.). Przejazdy nale\u017cy zg\u0142asza\u0107 z minimum trzydniowym wyprzedzeniem, dzwoni\u0105c pod numer: 509 790 210. Wykonawc\u0105 us\u0142ugi jest firma Przew\u00f3z Os\u00f3b Micha\u0142 Baczy\u0144ski.Wszelkie warunki, ograniczenia i procedury zwi\u0105zane z realizacj\u0105 us\u0142ugi zosta\u0142y szczeg\u00f3\u0142owo opisane w regulaminie, z kt\u00f3rym nale\u017cy zapozna\u0107 si\u0119 przed zg\u0142oszeniem. Link do regulamin\u00f3w:https:\/\/drive.google.com\/drive\/folders\/1p4Dix6H6p53YVvscUCJX-TE2H4CaF-np?usp=sharing<\/p>\n","protected":false},"author":1,"featured_media":0,"parent":0,"menu_order":0,"comment_status":"closed","ping_status":"closed","template":"","meta":{"footnotes":""},"class_list":["post-1638","page","type-page","status-publish","hentry"],"_links":{"self":[{"href":"https:\/\/gopsrogozno.pl\/index.php\/wp-json\/wp\/v2\/pages\/1638","targetHints":{"allow":["GET"]}}],"collection":[{"href":"https:\/\/gopsrogozno.pl\/index.php\/wp-json\/wp\/v2\/pages"}],"about":[{"href":"https:\/\/gopsrogozno.pl\/index.php\/wp-json\/wp\/v2\/types\/page"}],"author":[{"embeddable":true,"href":"https:\/\/gopsrogozno.pl\/index.php\/wp-json\/wp\/v2\/users\/1"}],"replies":[{"embeddable":true,"href":"https:\/\/gopsrogozno.pl\/index.php\/wp-json\/wp\/v2\/comments?post=1638"}],"version-history":[{"count":3,"href":"https:\/\/gopsrogozno.pl\/index.php\/wp-json\/wp\/v2\/pages\/1638\/revisions"}],"predecessor-version":[{"id":1643,"href":"https:\/\/gopsrogozno.pl\/index.php\/wp-json\/wp\/v2\/pages\/1638\/revisions\/1643"}],"wp:attachment":[{"href":"https:\/\/gopsrogozno.pl\/index.php\/wp-json\/wp\/v2\/media?parent=1638"}],"curies":[{"name":"wp","href":"https:\/\/api.w.org\/{rel}","templated":true}]}}