{"id":2031,"date":"2025-10-06T11:19:15","date_gmt":"2025-10-06T11:19:15","guid":{"rendered":"https:\/\/gopsrogozno.pl\/?page_id=2031"},"modified":"2025-10-06T12:26:20","modified_gmt":"2025-10-06T12:26:20","slug":"bon-cieplowniczy-2025","status":"publish","type":"page","link":"https:\/\/gopsrogozno.pl\/index.php\/bon-cieplowniczy-2025\/","title":{"rendered":"Bon ciep\u0142owniczy 2025"},"content":{"rendered":"\t\t<div data-elementor-type=\"wp-page\" data-elementor-id=\"2031\" class=\"elementor elementor-2031\" data-elementor-post-type=\"page\">\n\t\t\t\t<div data-particle_enable=\"false\" data-particle-mobile-disabled=\"false\" class=\"elementor-element elementor-element-c1daf8a e-flex e-con-boxed e-con e-parent\" data-id=\"c1daf8a\" data-element_type=\"container\">\n\t\t\t\t\t<div class=\"e-con-inner\">\n\t\t\t\t<div class=\"elementor-element elementor-element-ece5dff elementor-widget elementor-widget-image\" data-id=\"ece5dff\" data-element_type=\"widget\" data-widget_type=\"image.default\">\n\t\t\t\t<div class=\"elementor-widget-container\">\n\t\t\t\t\t\t\t\t\t\t\t\t\t\t\t<img fetchpriority=\"high\" decoding=\"async\" width=\"960\" height=\"405\" src=\"https:\/\/gopsrogozno.pl\/wp-content\/uploads\/2025\/10\/1460x616-1024x432.jpeg\" class=\"attachment-large size-large wp-image-2041\" alt=\"\" srcset=\"https:\/\/gopsrogozno.pl\/wp-content\/uploads\/2025\/10\/1460x616-1024x432.jpeg 1024w, https:\/\/gopsrogozno.pl\/wp-content\/uploads\/2025\/10\/1460x616-300x127.jpeg 300w, https:\/\/gopsrogozno.pl\/wp-content\/uploads\/2025\/10\/1460x616-768x324.jpeg 768w, https:\/\/gopsrogozno.pl\/wp-content\/uploads\/2025\/10\/1460x616-1140x481.jpeg 1140w, https:\/\/gopsrogozno.pl\/wp-content\/uploads\/2025\/10\/1460x616.jpeg 1460w\" sizes=\"(max-width: 960px) 100vw, 960px\" \/>\t\t\t\t\t\t\t\t\t\t\t\t\t\t\t<\/div>\n\t\t\t\t<\/div>\n\t\t\t\t<div class=\"elementor-element elementor-element-920a067 elementor-widget elementor-widget-heading\" data-id=\"920a067\" data-element_type=\"widget\" data-widget_type=\"heading.default\">\n\t\t\t\t<div class=\"elementor-widget-container\">\n\t\t\t\t\t<h3 class=\"elementor-heading-title elementor-size-default\"><a href=\"https:\/\/gopsrogozno.pl\/wp-content\/uploads\/2025\/10\/bon-cieplowniczy-informacja.pdf\" target=\"_blank\">Informacje o bonie ciep\u0142owniczym<\/a><\/h3>\t\t\t\t<\/div>\n\t\t\t\t<\/div>\n\t\t\t\t<div class=\"elementor-element elementor-element-add81f6 elementor-widget elementor-widget-heading\" data-id=\"add81f6\" data-element_type=\"widget\" data-widget_type=\"heading.default\">\n\t\t\t\t<div class=\"elementor-widget-container\">\n\t\t\t\t\t<h3 class=\"elementor-heading-title elementor-size-default\"><a href=\"https:\/\/gopsrogozno.pl\/wp-content\/uploads\/2025\/10\/WNIOSEK-O-WYPLATE-BONU-CIEPLOWNICZEGO.pdf\" target=\"_blank\">Wniosek o wyp\u0142at\u0119<\/a><\/h3>\t\t\t\t<\/div>\n\t\t\t\t<\/div>\n\t\t\t\t<div class=\"elementor-element elementor-element-56a777d elementor-widget elementor-widget-heading\" data-id=\"56a777d\" data-element_type=\"widget\" data-widget_type=\"heading.default\">\n\t\t\t\t<div class=\"elementor-widget-container\">\n\t\t\t\t\t<h3 class=\"elementor-heading-title elementor-size-default\"><a href=\"https:\/\/gopsrogozno.pl\/wp-content\/uploads\/2025\/10\/bon-cieplowniczy-zaswiadczenie.pdf\" target=\"_blank\">Za\u015bwiadczenie na potrzeby z\u0142o\u017cenia wniosku<\/a><\/h3>\t\t\t\t<\/div>\n\t\t\t\t<\/div>\n\t\t\t\t\t<\/div>\n\t\t\t\t<\/div>\n\t\t\t\t<\/div>\n\t\t","protected":false},"excerpt":{"rendered":"<p>Informacje o bonie ciep\u0142owniczym Wniosek o wyp\u0142at\u0119 Za\u015bwiadczenie na potrzeby z\u0142o\u017cenia wniosku<\/p>\n","protected":false},"author":1,"featured_media":0,"parent":0,"menu_order":0,"comment_status":"closed","ping_status":"closed","template":"","meta":{"footnotes":""},"class_list":["post-2031","page","type-page","status-publish","hentry"],"_links":{"self":[{"href":"https:\/\/gopsrogozno.pl\/index.php\/wp-json\/wp\/v2\/pages\/2031","targetHints":{"allow":["GET"]}}],"collection":[{"href":"https:\/\/gopsrogozno.pl\/index.php\/wp-json\/wp\/v2\/pages"}],"about":[{"href":"https:\/\/gopsrogozno.pl\/index.php\/wp-json\/wp\/v2\/types\/page"}],"author":[{"embeddable":true,"href":"https:\/\/gopsrogozno.pl\/index.php\/wp-json\/wp\/v2\/users\/1"}],"replies":[{"embeddable":true,"href":"https:\/\/gopsrogozno.pl\/index.php\/wp-json\/wp\/v2\/comments?post=2031"}],"version-history":[{"count":15,"href":"https:\/\/gopsrogozno.pl\/index.php\/wp-json\/wp\/v2\/pages\/2031\/revisions"}],"predecessor-version":[{"id":2054,"href":"https:\/\/gopsrogozno.pl\/index.php\/wp-json\/wp\/v2\/pages\/2031\/revisions\/2054"}],"wp:attachment":[{"href":"https:\/\/gopsrogozno.pl\/index.php\/wp-json\/wp\/v2\/media?parent=2031"}],"curies":[{"name":"wp","href":"https:\/\/api.w.org\/{rel}","templated":true}]}}